{"id":186579,"date":"2020-03-31T16:11:57","date_gmt":"2020-03-31T20:11:57","guid":{"rendered":"http:\/\/santemc.quebec\/icentre\/?page_id=186579"},"modified":"2020-05-12T18:49:39","modified_gmt":"2020-05-12T22:49:39","slug":"covid-19-nos-equipes-en-action","status":"publish","type":"page","link":"https:\/\/santemc.quebec\/icentre\/les-dernieres-nouvelles-concernant-le-coronavirus-covid-19\/covid-19-nos-equipes-en-action\/","title":{"rendered":"COVID-19 : Nos \u00e9quipes en action"},"content":{"rendered":"<p>Nous avons la volont\u00e9 de partager le quotidien des \u00e9quipes afin de rendre tangible, pour l\u2019ensemble de nos plus de 11\u00a0000 employ\u00e9s et m\u00e9decins, l\u2019ampleur du mouvement de mobilisation au CISSSMC.<\/p>\n<p><a href=\"https:\/\/santemc.quebec\/icentre\/?page_id=186988\" target=\"_blank\" rel=\"noopener noreferrer\">Partagez-nous vos images et t\u00e9moignages!<\/a><\/p>\n<div style=\"width: 100%; float: left;\">\n<h3>Vid\u00e9os<\/h3>\n<p><a href=\"https:\/\/www.youtube.com\/watch?v=yjHWURVtR6g\"><img decoding=\"async\" loading=\"lazy\" class=\"alignleft wp-image-187661\" src=\"https:\/\/santemc.quebec\/santemc\/icentre\/wp-content\/uploads\/2020\/05\/Capture-300x245.png\" alt=\"\" width=\"109\" height=\"90\" srcset=\"https:\/\/santemc.quebec\/santemc\/icentre\/wp-content\/uploads\/2020\/05\/Capture-300x245.png 300w, https:\/\/santemc.quebec\/santemc\/icentre\/wp-content\/uploads\/2020\/05\/Capture.png 310w\" sizes=\"(max-width: 109px) 100vw, 109px\" \/><\/a><\/p>\n<p>Une <a href=\"https:\/\/www.youtube.com\/watch?v=yjHWURVtR6g\" target=\"_blank\" rel=\"noopener noreferrer\">vid\u00e9o<\/a> transmise par l&rsquo;\u00e9cole Charles-Bruneau de Brossard afin de remercier les travailleurs essentiels de notre \u00e9tablissement.<\/p>\n<\/div>\n<h3>Images et t\u00e9moignages<\/h3>\n<p>[envira-gallery id=\u00a0\u00bb186987&Prime;]<\/p>\n","protected":false},"excerpt":{"rendered":"<p>Nous avons la volont\u00e9 de partager le quotidien des \u00e9quipes afin de rendre tangible, pour l\u2019ensemble de nos plus de 11\u00a0000 employ\u00e9s et m\u00e9decins, l\u2019ampleur du mouvement de mobilisation au CISSSMC. Partagez-nous vos images et t\u00e9moignages! Vid\u00e9os Une vid\u00e9o transmise &hellip; <a href=\"https:\/\/santemc.quebec\/icentre\/les-dernieres-nouvelles-concernant-le-coronavirus-covid-19\/covid-19-nos-equipes-en-action\/\">Continuer la lecture <span class=\"meta-nav\">&rarr;<\/span><\/a><\/p>\n","protected":false},"author":1,"featured_media":0,"parent":185333,"menu_order":8,"comment_status":"closed","ping_status":"closed","template":"covid19.php","meta":{"footnotes":""},"_links":{"self":[{"href":"https:\/\/santemc.quebec\/icentre\/wp-json\/wp\/v2\/pages\/186579"}],"collection":[{"href":"https:\/\/santemc.quebec\/icentre\/wp-json\/wp\/v2\/pages"}],"about":[{"href":"https:\/\/santemc.quebec\/icentre\/wp-json\/wp\/v2\/types\/page"}],"author":[{"embeddable":true,"href":"https:\/\/santemc.quebec\/icentre\/wp-json\/wp\/v2\/users\/1"}],"replies":[{"embeddable":true,"href":"https:\/\/santemc.quebec\/icentre\/wp-json\/wp\/v2\/comments?post=186579"}],"version-history":[{"count":22,"href":"https:\/\/santemc.quebec\/icentre\/wp-json\/wp\/v2\/pages\/186579\/revisions"}],"predecessor-version":[{"id":187700,"href":"https:\/\/santemc.quebec\/icentre\/wp-json\/wp\/v2\/pages\/186579\/revisions\/187700"}],"up":[{"embeddable":true,"href":"https:\/\/santemc.quebec\/icentre\/wp-json\/wp\/v2\/pages\/185333"}],"wp:attachment":[{"href":"https:\/\/santemc.quebec\/icentre\/wp-json\/wp\/v2\/media?parent=186579"}],"curies":[{"name":"wp","href":"https:\/\/api.w.org\/{rel}","templated":true}]}}