{"id":192573,"date":"2020-12-16T10:51:45","date_gmt":"2020-12-16T15:51:45","guid":{"rendered":"http:\/\/santemc.quebec\/icentre\/?page_id=192573"},"modified":"2022-01-10T15:05:28","modified_gmt":"2022-01-10T20:05:28","slug":"vaccination","status":"publish","type":"page","link":"https:\/\/santemc.quebec\/icentre\/les-dernieres-nouvelles-concernant-le-coronavirus-covid-19\/vaccination\/","title":{"rendered":"Vaccination"},"content":{"rendered":"<p><strong>Actualit\u00e9s<\/strong><\/p>\n<ul>\n<li>Note de service : <a href=\"https:\/\/santemc.quebec\/santemc\/icentre\/wp-content\/uploads\/2022\/01\/2022-01-07_NS_ERRATUM_Nouvelles_dates_administration_dose_rappel_COVID_hopitaux.pdf\" target=\"_blank\" rel=\"noopener\">ERRATUM &#8211; NOUVELLES DATES &#8211; Administration de la dose de rappel contre la COVID-19 dans les h\u00f4pitaux<\/a> (2022-01-10)<\/li>\n<li>COVID19-91 :\u00a0<a href=\"https:\/\/santemc.quebec\/santemc\/icentre\/wp-content\/uploads\/2021\/12\/2021-12-17_CI_Info-Covid-no-91_Reduction_intervalle_obtention_3e_dose.pdf\" target=\"_blank\" rel=\"noopener\">R\u00e9duction de 6 mois \u00e0 3 mois de l\u2019intervalle \u00e0 respecter entre la 2 e dose de vaccin et la dose de rappel<\/a> (2021-12-17)<\/li>\n<li>Communiqu\u00e9 interne : <a class=\"pdf\" href=\"https:\/\/santemc.quebec\/santemc\/icentre\/wp-content\/uploads\/2021\/12\/2021-12-08_CI_Info-Covid_no_89_Administration_dose_rappel_travailleurs_sante.pdf\" target=\"_blank\" rel=\"noopener\">Administration d\u2019une dose de rappel aux travailleurs de la sant\u00e9 <\/a>(2021-12-08)<\/li>\n<li>Note de service : <a href=\"https:\/\/santemc.quebec\/santemc\/icentre\/wp-content\/uploads\/2021\/10\/2021-10-13_NS_vaccination_obligatoire-repoussee_15-novembre.pdf\" target=\"_blank\" rel=\"noopener\">La vaccination obligatoire repouss\u00e9e au 15 novembre<\/a> (2021-10-13)<\/li>\n<li>Note de service : <a href=\"https:\/\/santemc.quebec\/santemc\/icentre\/wp-content\/uploads\/2021\/09\/2021-09-29_NS_Obligation-vaccination_preuve-vaccinale.pdf\" target=\"_blank\" rel=\"noopener\">Vaccination obligatoire et preuve de vaccination contre la COVID-19<\/a> (2021-09-29)<\/li>\n<li>Note de service : <a href=\"https:\/\/santemc.quebec\/santemc\/icentre\/wp-content\/uploads\/2021\/09\/2021-09-24_NS_Nouvelles-dates_vaccination_hopitaux.pdf\" target=\"_blank\" rel=\"noopener\">Nouvelles dates : Vaccination contre la COVID-19 pour le personnel dans les nos h\u00f4pitaux<\/a> (2021-09-24)<\/li>\n<li>Note de service : <a href=\"https:\/\/santemc.quebec\/santemc\/icentre\/wp-content\/uploads\/2021\/09\/2021-09-16_NS_prochaine-date_vaccination_cafeteria_hopitaux.pdf\" target=\"_blank\" rel=\"noopener\">Prochaines dates : Vaccination contre la COVID-19 dans les caf\u00e9t\u00e9rias de nos h\u00f4pitaux<\/a> (2021-09-16)<\/li>\n<li>Note de service : <a href=\"https:\/\/santemc.quebec\/santemc\/icentre\/wp-content\/uploads\/2021\/09\/2021-09-09_NS_Jounees_vaccination_hopitaux.pdf\" target=\"_blank\" rel=\"noopener\">Journ\u00e9es de vaccination contre la COVID-19 dans les h\u00f4pitaux<\/a> (2021-09-09)<\/li>\n<li>Note de service : <a href=\"https:\/\/santemc.quebec\/santemc\/icentre\/wp-content\/uploads\/2021\/09\/2021-09-02_NS_Deuxieme_Vaccination_hopitaux.pdf\" target=\"_blank\" rel=\"noopener\">Une deuxi\u00e8me vaccination contre la COVID-19 dans les caf\u00e9t\u00e9rias de nos h\u00f4pitaux<\/a> (2021-09-02)<\/li>\n<li>Note de service :\u00a0<a class=\"pdf\" href=\"https:\/\/santemc.quebec\/santemc\/icentre\/wp-content\/uploads\/2021\/08\/2021-08-18_NS_Revision_offre-vaccination-populationnelle_COVID-19.pdf\" target=\"_blank\" rel=\"noopener\">R\u00e9vision de l\u2019offre de vaccination populationnelle contre la COVID-19<\/a>\u00a0(2021-08-18)<\/li>\n<li>Note de service :\u00a0<a class=\"pdf\" href=\"https:\/\/santemc.quebec\/santemc\/icentre\/wp-content\/uploads\/2021\/09\/2021-07-29_NS_Vaccination_hopitaux.pdf\" target=\"_blank\" rel=\"noopener\">Vaccination contre la COVID-19 dans les caf\u00e9t\u00e9rias de nos h\u00f4pitaux<\/a>\u00a0(2021-07-29)<\/li>\n<li>Note de service : <a href=\"https:\/\/santemc.quebec\/santemc\/icentre\/wp-content\/uploads\/2021\/07\/2021-07-16_NS_2e-dose_devancees_4-semaines.pdf\" target=\"_blank\" rel=\"noopener\">Possibilit\u00e9 de devancer la 2e dose du vaccin contre la COVID-19 \u00e0 4 semaines<\/a> (2021-07-16)<\/li>\n<li>Note de service : <a href=\"https:\/\/santemc.quebec\/santemc\/icentre\/wp-content\/uploads\/2021\/05\/2021-05-13_NS_Precisions_arrete-ministeriel_-vaccination_depistage.pdf\" target=\"_blank\" rel=\"noopener\">Pr\u00e9cisions concernant l\u2019arr\u00eat\u00e9 minist\u00e9riel visant la vaccination ou le d\u00e9pistage de certains milieux cibl\u00e9s<\/a> (2021-05-13)<\/li>\n<li>Note de service : <a href=\"https:\/\/santemc.quebec\/santemc\/icentre\/wp-content\/uploads\/2021\/05\/2021-05-06_NS_Rappel-2e_dose.pdf\" target=\"_blank\" rel=\"noopener\">Rappel &#8211; Rendez-vous pour la 2e dose du vaccin contre la COVID-19<\/a> (2021-05-06)<\/li>\n<li>Communiqu\u00e9 interne : <a href=\"https:\/\/santemc.quebec\/santemc\/icentre\/wp-content\/uploads\/2021\/04\/2021-04-30_CI_81_arreteministeriel_2021-024.pdf\" target=\"_blank\" rel=\"noopener\">Couverture vaccinale des travailleurs de la sant\u00e9<\/a> (2021-04-30)<\/li>\n<li>Note de service : <a href=\"https:\/\/santemc.quebec\/santemc\/icentre\/wp-content\/uploads\/2021\/04\/2021-04-07_NS_Vaccination_AstraZeneca.pdf\" target=\"_blank\" rel=\"noopener noreferrer\">Vaccination AstraZeneca &#8211; Une opportunit\u00e9 de vaccination pour les gens de 55 \u00e0 79 ans<\/a> (2021-04-07)<\/li>\n<li>Note de service : <a href=\"https:\/\/santemc.quebec\/santemc\/icentre\/wp-content\/uploads\/2021\/03\/2021-03-31_NS_2e-dose-vaccin-COVID.pdf\" target=\"_blank\" rel=\"noopener noreferrer\">Vaccination des personnes qui ont eu la COVID-19 : la 2e dose est-elle n\u00e9cessaire?<\/a> (2021-03-31)<\/li>\n<li>Information sur les <a href=\"https:\/\/santemc.quebec\/icentre\/?p=194659\" rel=\"bookmark\">vaccins AstraZeneca et COVISHIELD<\/a> (2021-03-25)<\/li>\n<li>Communiqu\u00e9 interne : <a href=\"https:\/\/santemc.quebec\/santemc\/icentre\/wp-content\/uploads\/2021\/03\/2021-03-23_CI_79_Vaccination-travailleurs-sante_debut-phase2.pdf\" target=\"_blank\" rel=\"noopener noreferrer\">Vaccination des travailleurs de la sant\u00e9 : d\u00e9but de la phase 2<\/a> (2021-03-23)<\/li>\n<li>Communiqu\u00e9 interne : <a class=\"pdf\" href=\"https:\/\/santemc.quebec\/santemc\/icentre\/wp-content\/uploads\/2021\/03\/2021-03-05_CI_Info-Covid-no-77_vaccination_2e-dose-2.pdf\" target=\"_blank\" rel=\"noopener noreferrer\">Vaccination : administration de la 2e dose \u00e0 16 semaines <\/a>(2021-03-05)<\/li>\n<li>Communiqu\u00e9 interne\u00a0: <a class=\"pdf\" href=\"https:\/\/santemc.quebec\/santemc\/icentre\/wp-content\/uploads\/2021\/03\/2021-03-01_CI_76_Vaccination_Administration_2e-dose.pdf\" target=\"_blank\" rel=\"noopener noreferrer\">Vaccination : Administration 2e dose<\/a>\u00a0(2021-03-01)<\/li>\n<li>Communiqu\u00e9 interne :\u00a0<a class=\"pdf\" href=\"https:\/\/santemc.quebec\/santemc\/icentre\/wp-content\/uploads\/2021\/02\/2021-02-18_CI_75_Reprise-activites-centrale-rendez-vous-vaccination-COVID-19_groupes-priorises.pdf\" target=\"_blank\" rel=\"noopener noreferrer\">Reprise des activit\u00e9s de la centrale de rendez-vous pour la vaccination contre la COVID-19 et groupes prioris\u00e9s<\/a> (2021-02-18)<\/li>\n<li>Communiqu\u00e9 interne :\u00a0<a class=\"pdf\" href=\"https:\/\/santemc.quebec\/santemc\/icentre\/wp-content\/uploads\/2021\/01\/2021-01-08_CI_67_Ajout-nouveau-groupe-employes_vaccination_contre_COVID.pdf\" target=\"_blank\" rel=\"noopener noreferrer\">Ajout d\u2019un nouveau groupe d\u2019employ\u00e9s et m\u00e9decins prioris\u00e9s pour la vaccination contre la COVID-19<\/a> (2021-01-08)<\/li>\n<li>Communiqu\u00e9 interne : <a href=\"https:\/\/santemc.quebec\/santemc\/icentre\/wp-content\/uploads\/2021\/01\/2021-01-07_CI_66_Nouveautes_vaccination_contre_COVID-19.pdf\" target=\"_blank\" rel=\"noopener noreferrer\">\u00c9tat de situation concernant la campagne de vaccination contre la COVID-19 en Mont\u00e9r\u00e9gie<\/a> (2021-01-07)<\/li>\n<li>Communiqu\u00e9 interne : <a href=\"https:\/\/santemc.quebec\/santemc\/icentre\/wp-content\/uploads\/2021\/01\/2021-01-04_CI_63_Nouveautes_vaccination_contre_COVID-19.pdf\" target=\"_blank\" rel=\"noopener noreferrer\">Nouveaut\u00e9s au sujet de la vaccination<\/a> (2021-01-04)<\/li>\n<li><a href=\"https:\/\/santemc.quebec\/icentre\/?p=192729\" target=\"_blank\" rel=\"noopener noreferrer\">La prise de rendez-vous pour la vaccination contre la COVID-19 est d\u00e9but\u00e9e!<\/a> (2020-12-20)<\/li>\n<li>Communiqu\u00e9 interne :\u00a0<a class=\"pdf\" href=\"https:\/\/santemc.quebec\/santemc\/icentre\/wp-content\/uploads\/2020\/12\/2020-12-17_CI_62_Debut_campagne_vaccination.pdf\" target=\"_blank\" rel=\"noopener noreferrer\">D\u00e9but de la campagne de vaccination contre la COVID-19\u00a0<\/a><br \/>\n(2020-12-17)<\/li>\n<\/ul>\n<p><strong>Documents<\/strong><\/p>\n<ul>\n<li><a href=\"https:\/\/santemc.quebec\/santemc\/icentre\/wp-content\/uploads\/2021\/01\/2021-01-06_Previsions_vaccination.pdf\" target=\"_blank\" rel=\"noopener noreferrer\">\u00c9ch\u00e9ancier de vaccination des groupes prioritaires<\/a> (Pr\u00e9vision D\u00e9cembre 2020 \u00e0 Mars 2021)<\/li>\n<li><a class=\"is-external is-new-window\" href=\"https:\/\/publications.msss.gouv.qc.ca\/msss\/document-002901\/\" target=\"_blank\" rel=\"noopener noreferrer\">Feuillet\u00a0\u00ab Pour aider au consentement \u00e9clair\u00e9 &#8211; Op\u00e9ration vaccination COVID-19 \u00bb<\/a><\/li>\n<li><a href=\"https:\/\/santemc.quebec\/icentre\/?page_id=185406#vaccination\">Foire aux questions pour les employ\u00e9s du CISSS de la Mont\u00e9r\u00e9gie-Centre<\/a><\/li>\n<li>Pour en savoir plus sur la <a href=\"https:\/\/www.quebec.ca\/sante\/problemes-de-sante\/a-z\/coronavirus-2019\/deroulement-vaccination-contre-la-covid-19\/\" target=\"_blank\" rel=\"noopener noreferrer\">vaccination contre la COVID-19<\/a><\/li>\n<li><a href=\"https:\/\/santemc.quebec\/santemc\/icentre\/wp-content\/uploads\/2020\/12\/F43_COVID-19.pdf\" target=\"_blank\" rel=\"noopener noreferrer\">Protocole d&rsquo;immunisation du Qu\u00e9bec &#8211; Vaccin contre la COVID-19<\/a><\/li>\n<li><a href=\"https:\/\/publications.msss.gouv.qc.ca\/msss\/document-002830\/\" target=\"_blank\" rel=\"noopener noreferrer\">Questions et r\u00e9ponses \u00e0 l\u2019intention des professionnels du r\u00e9seau de la sant\u00e9 et des services sociaux\u00a0<\/a><\/li>\n<\/ul>\n<p><strong>Vid\u00e9os<\/strong><\/p>\n<p><iframe loading=\"lazy\" title=\"Vaccination contre la COVID-19 - Mont&amp;eacute;r&amp;eacute;gie\" src=\"https:\/\/player.vimeo.com\/video\/493454132?h=7db0bc9b6c&amp;dnt=1&amp;app_id=122963\" width=\"584\" height=\"329\" frameborder=\"0\" allow=\"autoplay; fullscreen; picture-in-picture\" allowfullscreen><\/iframe><\/p>\n<p>Vid\u00e9os du MSSS<\/p>\n<ul>\n<li class=\"x_x_MsoListParagraph\">Les vaccins contre la COVID-19 sont-ils s\u00e9curitaires?<br \/>\n<a title=\"URL d'origine\u00a0: https:\/\/www.youtube.com\/watch?v=3JmBCHmQFFI. Cliquez ou appuyez si vous faites confiance \u00e0 ce lien.\" href=\"https:\/\/can01.safelinks.protection.outlook.com\/?url=https%3A%2F%2Fwww.youtube.com%2Fwatch%3Fv%3D3JmBCHmQFFI&amp;data=04%7C01%7Cfrancois.simard.agence16%40ssss.gouv.qc.ca%7C5893a26afae04ee6a22208d8d39c955e%7C06e1fe285f8b4075bf6cae24be1a7992%7C0%7C0%7C637492016752955210%7CUnknown%7CTWFpbGZsb3d8eyJWIjoiMC4wLjAwMDAiLCJQIjoiV2luMzIiLCJBTiI6Ik1haWwiLCJXVCI6Mn0%3D%7C1000&amp;sdata=AxqZ6N%2FeUG3%2FFwLh%2BU%2BOU7uek7GKRSwCuTG2Uran5Vs%3D&amp;reserved=0\" target=\"_blank\" rel=\"noopener noreferrer\" data-auth=\"Verified\">https:\/\/www.youtube.com\/watch?v=3JmBCHmQFFI<\/a><\/li>\n<li class=\"x_x_MsoListParagraph\">Pourquoi faut-il se faire vacciner?<br \/>\n<a title=\"URL d'origine\u00a0: https:\/\/www.youtube.com\/watch?v=tHkWnC5bWPs. Cliquez ou appuyez si vous faites confiance \u00e0 ce lien.\" href=\"https:\/\/can01.safelinks.protection.outlook.com\/?url=https%3A%2F%2Fwww.youtube.com%2Fwatch%3Fv%3DtHkWnC5bWPs&amp;data=04%7C01%7Cfrancois.simard.agence16%40ssss.gouv.qc.ca%7C5893a26afae04ee6a22208d8d39c955e%7C06e1fe285f8b4075bf6cae24be1a7992%7C0%7C0%7C637492016752965203%7CUnknown%7CTWFpbGZsb3d8eyJWIjoiMC4wLjAwMDAiLCJQIjoiV2luMzIiLCJBTiI6Ik1haWwiLCJXVCI6Mn0%3D%7C1000&amp;sdata=y1I%2F7eUEipby5D2QWrOUX1xwDFsZguVQtjAi9boU6SU%3D&amp;reserved=0\" target=\"_blank\" rel=\"noopener noreferrer\" data-auth=\"Verified\">https:\/\/www.youtube.com\/watch?v=tHkWnC5bWPs<\/a><\/li>\n<li>Quels sont les effets secondaires du vaccin contre la COVID-19?<br \/>\n<a href=\"https:\/\/youtu.be\/FC-JNkYt0Es\">https:\/\/youtu.be\/FC-JNkYt0Es<\/a><\/li>\n<li>La vaccination est-elle efficace?<br \/>\n<a href=\"https:\/\/youtu.be\/IrvxIB6izGc\">https:\/\/youtu.be\/IrvxIB6izGc<\/a><\/li>\n<li>Pourquoi continuer de se prot\u00e9ger apr\u00e8s avoir \u00e9t\u00e9 vaccin\u00e9 contre la COVID-19?<br \/>\n<a href=\"https:\/\/youtu.be\/1DxKK1gtnzo\">https:\/\/youtu.be\/1DxKK1gtnzo<\/a><\/li>\n<li>Comment le vaccin contre la COVID-19 agit-il?<br \/>\n<a href=\"https:\/\/youtu.be\/RwuvHd1N2fc\">https:\/\/youtu.be\/RwuvHd1N2fc<\/a><\/li>\n<li>Quels types de vaccins contre la COVID-19 sont \u00e9tudi\u00e9s actuellement?<br \/>\n<a href=\"https:\/\/youtu.be\/gxRhdnUrAJY\">https:\/\/youtu.be\/gxRhdnUrAJY<\/a><\/li>\n<li>Pourquoi certaines personnes sont-elles vaccin\u00e9es en priorit\u00e9 contre la COVID-19?<br \/>\n<a href=\"https:\/\/youtu.be\/HfywXEeR77A\">https:\/\/youtu.be\/HfywXEeR77A<\/a><\/li>\n<\/ul>\n<p>La F\u00e9d\u00e9ration des m\u00e9decins sp\u00e9cialistes du Qu\u00e9bec (FMSQ) a produit des capsules d&rsquo;information sous diff\u00e9rents th\u00e8mes \u00e0 propos de la vaccination contre la COVID-19. Pour visionner les capsules, cliquez sur les liens suivants :<\/p>\n<p class=\"x_x_x_x_MsoNormal\">1- Fonctionnement |\u00a0<a title=\"URL d'origine: https:\/\/youtu.be\/uSoWH4fFnNw. Cliquez ou appuyez si vous faites confiance \u00e0 ce lien.\" href=\"https:\/\/can01.safelinks.protection.outlook.com\/?url=https%3A%2F%2Fyoutu.be%2FuSoWH4fFnNw&amp;data=04%7C01%7Clouis-charles.primeau.cisssmc16%40ssss.gouv.qc.ca%7C83e4a095b0b248f7973a08d8cc35e782%7C06e1fe285f8b4075bf6cae24be1a7992%7C0%7C0%7C637483879173234271%7CUnknown%7CTWFpbGZsb3d8eyJWIjoiMC4wLjAwMDAiLCJQIjoiV2luMzIiLCJBTiI6Ik1haWwiLCJXVCI6Mn0%3D%7C1000&amp;sdata=QFlNP28EymaEkeuq%2FoRyrVHnIGfFmVh4comchsvGhE0%3D&amp;reserved=0\" target=\"_blank\" rel=\"noopener noreferrer\" data-auth=\"Verified\">https:\/\/youtu.be\/uSoWH4fFnNw<\/a><br \/>\n2- Efficacit\u00e9 |\u00a0<a title=\"URL d'origine: https:\/\/youtu.be\/Hu-LsWLYCb4. Cliquez ou appuyez si vous faites confiance \u00e0 ce lien.\" href=\"https:\/\/can01.safelinks.protection.outlook.com\/?url=https%3A%2F%2Fyoutu.be%2FHu-LsWLYCb4&amp;data=04%7C01%7Clouis-charles.primeau.cisssmc16%40ssss.gouv.qc.ca%7C83e4a095b0b248f7973a08d8cc35e782%7C06e1fe285f8b4075bf6cae24be1a7992%7C0%7C0%7C637483879173244259%7CUnknown%7CTWFpbGZsb3d8eyJWIjoiMC4wLjAwMDAiLCJQIjoiV2luMzIiLCJBTiI6Ik1haWwiLCJXVCI6Mn0%3D%7C1000&amp;sdata=WzwaLCi3jXIYep1vTFV5lqhKwzSFG%2BpJujacDRn3QhY%3D&amp;reserved=0\" target=\"_blank\" rel=\"noopener noreferrer\" data-auth=\"Verified\">https:\/\/youtu.be\/Hu-LsWLYCb4<\/a><br \/>\n3- Pertinence |\u00a0<a title=\"URL d'origine: https:\/\/youtu.be\/0IEb27OpbxY. Cliquez ou appuyez si vous faites confiance \u00e0 ce lien.\" href=\"https:\/\/can01.safelinks.protection.outlook.com\/?url=https%3A%2F%2Fyoutu.be%2F0IEb27OpbxY&amp;data=04%7C01%7Clouis-charles.primeau.cisssmc16%40ssss.gouv.qc.ca%7C83e4a095b0b248f7973a08d8cc35e782%7C06e1fe285f8b4075bf6cae24be1a7992%7C0%7C0%7C637483879173254255%7CUnknown%7CTWFpbGZsb3d8eyJWIjoiMC4wLjAwMDAiLCJQIjoiV2luMzIiLCJBTiI6Ik1haWwiLCJXVCI6Mn0%3D%7C1000&amp;sdata=uKr0vpmr9IiHOqojLtd50q%2BoXp%2F77Xdowgo%2BlAyDnTA%3D&amp;reserved=0\" target=\"_blank\" rel=\"noopener noreferrer\" data-auth=\"Verified\">https:\/\/youtu.be\/0IEb27OpbxY<\/a><br \/>\n4- Distribution |\u00a0<a title=\"URL d'origine: https:\/\/youtu.be\/B1b3aUTf0eQ. Cliquez ou appuyez si vous faites confiance \u00e0 ce lien.\" href=\"https:\/\/can01.safelinks.protection.outlook.com\/?url=https%3A%2F%2Fyoutu.be%2FB1b3aUTf0eQ&amp;data=04%7C01%7Clouis-charles.primeau.cisssmc16%40ssss.gouv.qc.ca%7C83e4a095b0b248f7973a08d8cc35e782%7C06e1fe285f8b4075bf6cae24be1a7992%7C0%7C0%7C637483879173254255%7CUnknown%7CTWFpbGZsb3d8eyJWIjoiMC4wLjAwMDAiLCJQIjoiV2luMzIiLCJBTiI6Ik1haWwiLCJXVCI6Mn0%3D%7C1000&amp;sdata=4H2HFtBW5EMwOHfoWpBHWUQGKLyELeqVAiOHGzNTZ94%3D&amp;reserved=0\" target=\"_blank\" rel=\"noopener noreferrer\" data-auth=\"Verified\">https:\/\/youtu.be\/B1b3aUTf0eQ<\/a><br \/>\n5- Retour \u00e0 la normale |\u00a0<a title=\"URL d'origine: https:\/\/youtu.be\/ikWCtkGgkeA. Cliquez ou appuyez si vous faites confiance \u00e0 ce lien.\" href=\"https:\/\/can01.safelinks.protection.outlook.com\/?url=https%3A%2F%2Fyoutu.be%2FikWCtkGgkeA&amp;data=04%7C01%7Clouis-charles.primeau.cisssmc16%40ssss.gouv.qc.ca%7C83e4a095b0b248f7973a08d8cc35e782%7C06e1fe285f8b4075bf6cae24be1a7992%7C0%7C0%7C637483879173264251%7CUnknown%7CTWFpbGZsb3d8eyJWIjoiMC4wLjAwMDAiLCJQIjoiV2luMzIiLCJBTiI6Ik1haWwiLCJXVCI6Mn0%3D%7C1000&amp;sdata=IQE9nZi%2F%2FL89Y6OYnVKGE9NuUydUHxKw22US3Y5cUGE%3D&amp;reserved=0\" target=\"_blank\" rel=\"noopener noreferrer\" data-auth=\"Verified\">https:\/\/youtu.be\/ikWCtkGgkeA<\/a><br \/>\n6- Protection |\u00a0<a title=\"URL d'origine: https:\/\/youtu.be\/Rifadiz5mIw. Cliquez ou appuyez si vous faites confiance \u00e0 ce lien.\" href=\"https:\/\/can01.safelinks.protection.outlook.com\/?url=https%3A%2F%2Fyoutu.be%2FRifadiz5mIw&amp;data=04%7C01%7Clouis-charles.primeau.cisssmc16%40ssss.gouv.qc.ca%7C83e4a095b0b248f7973a08d8cc35e782%7C06e1fe285f8b4075bf6cae24be1a7992%7C0%7C0%7C637483879173274241%7CUnknown%7CTWFpbGZsb3d8eyJWIjoiMC4wLjAwMDAiLCJQIjoiV2luMzIiLCJBTiI6Ik1haWwiLCJXVCI6Mn0%3D%7C1000&amp;sdata=%2FoenllXFFmIMZ23MkHguQ3s9Jv2raRKZWtcYSd9Gru8%3D&amp;reserved=0\" target=\"_blank\" rel=\"noopener noreferrer\" data-auth=\"Verified\">https:\/\/youtu.be\/Rifadiz5mIw<\/a><\/p>\n<p>De plus, afin de r\u00e9pondre aux questions fr\u00e9quentes des professionnels de la sant\u00e9 sur la vaccination COVID-19, l&rsquo;Institut national de sant\u00e9 publique (INSPQ) a produit une pr\u00e9sentation PowerPoint narr\u00e9e.<\/p>\n<p>Dans cette pr\u00e9sentation, on y parle notamment :<\/p>\n<ul>\n<li>du d\u00e9veloppement des vaccins contre la COVID-19;<\/li>\n<li>de l\u2019intervalle entre la premi\u00e8re et la deuxi\u00e8me dose;<\/li>\n<li>de l&rsquo;efficacit\u00e9 et s\u00e9curit\u00e9 des vaccins de Moderna et de Pfizer;<\/li>\n<li>des objectifs de vaccination et des strat\u00e9gies pr\u00e9vues.<\/li>\n<\/ul>\n<p>Voici le lien vers la vid\u00e9o : <a href=\"https:\/\/www.inspq.qc.ca\/nos-productions\/videos\/vaccination-covid-19-presentation\">https:\/\/www.inspq.qc.ca\/nos-productions\/videos\/vaccination-covid-19-presentation<\/a><\/p>\n<p>*Prenez note que la vid\u00e9o dure un peu plus de 30 minutes.<\/p>\n<p>&nbsp;<\/p>\n","protected":false},"excerpt":{"rendered":"<p>Actualit\u00e9s Note de service : ERRATUM &#8211; NOUVELLES DATES &#8211; Administration de la dose de rappel contre la COVID-19 dans les h\u00f4pitaux (2022-01-10) COVID19-91 :\u00a0R\u00e9duction de 6 mois \u00e0 3 mois de l\u2019intervalle \u00e0 respecter entre la 2 e dose &hellip; <a href=\"https:\/\/santemc.quebec\/icentre\/les-dernieres-nouvelles-concernant-le-coronavirus-covid-19\/vaccination\/\">Continuer la lecture <span class=\"meta-nav\">&rarr;<\/span><\/a><\/p>\n","protected":false},"author":1,"featured_media":0,"parent":185333,"menu_order":0,"comment_status":"closed","ping_status":"closed","template":"covid19.php","meta":{"footnotes":""},"_links":{"self":[{"href":"https:\/\/santemc.quebec\/icentre\/wp-json\/wp\/v2\/pages\/192573"}],"collection":[{"href":"https:\/\/santemc.quebec\/icentre\/wp-json\/wp\/v2\/pages"}],"about":[{"href":"https:\/\/santemc.quebec\/icentre\/wp-json\/wp\/v2\/types\/page"}],"author":[{"embeddable":true,"href":"https:\/\/santemc.quebec\/icentre\/wp-json\/wp\/v2\/users\/1"}],"replies":[{"embeddable":true,"href":"https:\/\/santemc.quebec\/icentre\/wp-json\/wp\/v2\/comments?post=192573"}],"version-history":[{"count":75,"href":"https:\/\/santemc.quebec\/icentre\/wp-json\/wp\/v2\/pages\/192573\/revisions"}],"predecessor-version":[{"id":202950,"href":"https:\/\/santemc.quebec\/icentre\/wp-json\/wp\/v2\/pages\/192573\/revisions\/202950"}],"up":[{"embeddable":true,"href":"https:\/\/santemc.quebec\/icentre\/wp-json\/wp\/v2\/pages\/185333"}],"wp:attachment":[{"href":"https:\/\/santemc.quebec\/icentre\/wp-json\/wp\/v2\/media?parent=192573"}],"curies":[{"name":"wp","href":"https:\/\/api.w.org\/{rel}","templated":true}]}}