{"id":194402,"date":"2021-03-12T13:24:05","date_gmt":"2021-03-12T18:24:05","guid":{"rendered":"http:\/\/santemc.quebec\/icentre\/?page_id=194402"},"modified":"2021-03-31T15:43:42","modified_gmt":"2021-03-31T19:43:42","slug":"programme-passerelle-formation-infirmiere","status":"publish","type":"page","link":"https:\/\/santemc.quebec\/icentre\/programme-passerelle-formation-infirmiere\/","title":{"rendered":"Programme Passerelle Formation Infirmi\u00e8re"},"content":{"rendered":"<p>\n<style type=\"text\/css\">.singular .entry-title {display:none;}<\/style>\n<img decoding=\"async\" loading=\"lazy\" class=\"alignleft size-full wp-image-194589\" src=\"https:\/\/santemc.quebec\/santemc\/icentre\/wp-content\/uploads\/2021\/03\/MontageBandeau846x2002-scaled.jpg\" alt=\"\" width=\"2560\" height=\"605\" srcset=\"https:\/\/santemc.quebec\/santemc\/icentre\/wp-content\/uploads\/2021\/03\/MontageBandeau846x2002-scaled.jpg 2560w, https:\/\/santemc.quebec\/santemc\/icentre\/wp-content\/uploads\/2021\/03\/MontageBandeau846x2002-300x71.jpg 300w, https:\/\/santemc.quebec\/santemc\/icentre\/wp-content\/uploads\/2021\/03\/MontageBandeau846x2002-1024x242.jpg 1024w, https:\/\/santemc.quebec\/santemc\/icentre\/wp-content\/uploads\/2021\/03\/MontageBandeau846x2002-768x181.jpg 768w, https:\/\/santemc.quebec\/santemc\/icentre\/wp-content\/uploads\/2021\/03\/MontageBandeau846x2002-1536x363.jpg 1536w, https:\/\/santemc.quebec\/santemc\/icentre\/wp-content\/uploads\/2021\/03\/MontageBandeau846x2002-2048x484.jpg 2048w, https:\/\/santemc.quebec\/santemc\/icentre\/wp-content\/uploads\/2021\/03\/MontageBandeau846x2002-500x118.jpg 500w\" sizes=\"(max-width: 2560px) 100vw, 2560px\" \/><\/p>\n<p>En partenariat avec le C\u00e9gep de Saint-Jean-sur-Richelieu, le CISSS de la Mont\u00e9r\u00e9gie-Centre est fier d\u2019offrir, d\u00e8s le mois d\u2019ao\u00fbt 2021, le programme Passerelle Formation Infirmi\u00e8re. Cette formation cr\u00e9\u00e9e sur mesure pour le CISSSMC permet aux infirmi\u00e8res auxiliaires d\u2019acc\u00e9der au titre d\u2019infirmi\u00e8re en obtenant un dipl\u00f4me d\u2019\u00e9tudes coll\u00e9giales (DEC) en soins infirmiers.<\/p>\n","protected":false},"excerpt":{"rendered":"<p>En partenariat avec le C\u00e9gep de Saint-Jean-sur-Richelieu, le CISSS de la Mont\u00e9r\u00e9gie-Centre est fier d\u2019offrir, d\u00e8s le mois d\u2019ao\u00fbt 2021, le programme Passerelle Formation Infirmi\u00e8re. Cette formation cr\u00e9\u00e9e sur mesure pour le CISSSMC permet aux infirmi\u00e8res auxiliaires d\u2019acc\u00e9der au titre &hellip; <a href=\"https:\/\/santemc.quebec\/icentre\/programme-passerelle-formation-infirmiere\/\">Continuer la lecture <span class=\"meta-nav\">&rarr;<\/span><\/a><\/p>\n","protected":false},"author":1,"featured_media":0,"parent":0,"menu_order":0,"comment_status":"closed","ping_status":"closed","template":"passerelle.php","meta":{"footnotes":""},"_links":{"self":[{"href":"https:\/\/santemc.quebec\/icentre\/wp-json\/wp\/v2\/pages\/194402"}],"collection":[{"href":"https:\/\/santemc.quebec\/icentre\/wp-json\/wp\/v2\/pages"}],"about":[{"href":"https:\/\/santemc.quebec\/icentre\/wp-json\/wp\/v2\/types\/page"}],"author":[{"embeddable":true,"href":"https:\/\/santemc.quebec\/icentre\/wp-json\/wp\/v2\/users\/1"}],"replies":[{"embeddable":true,"href":"https:\/\/santemc.quebec\/icentre\/wp-json\/wp\/v2\/comments?post=194402"}],"version-history":[{"count":13,"href":"https:\/\/santemc.quebec\/icentre\/wp-json\/wp\/v2\/pages\/194402\/revisions"}],"predecessor-version":[{"id":194744,"href":"https:\/\/santemc.quebec\/icentre\/wp-json\/wp\/v2\/pages\/194402\/revisions\/194744"}],"wp:attachment":[{"href":"https:\/\/santemc.quebec\/icentre\/wp-json\/wp\/v2\/media?parent=194402"}],"curies":[{"name":"wp","href":"https:\/\/api.w.org\/{rel}","templated":true}]}}

Programme Passerelle Formation Infirmière

<p>
<style type="text/css">.singular .entry-title {display:none;}</style>
<img decoding="async" loading="lazy" class="alignleft size-full wp-image-194589" src="https://santemc.quebec/santemc/icentre/wp-content/uploads/2021/03/MontageBandeau846x2002-scaled.jpg" alt="" width="2560" height="605" srcset="https://santemc.quebec/santemc/icentre/wp-content/uploads/2021/03/MontageBandeau846x2002-scaled.jpg 2560w, https://santemc.quebec/santemc/icentre/wp-content/uploads/2021/03/MontageBandeau846x2002-300x71.jpg 300w, https://santemc.quebec/santemc/icentre/wp-content/uploads/2021/03/MontageBandeau846x2002-1024x242.jpg 1024w, https://santemc.quebec/santemc/icentre/wp-content/uploads/2021/03/MontageBandeau846x2002-768x181.jpg 768w, https://santemc.quebec/santemc/icentre/wp-content/uploads/2021/03/MontageBandeau846x2002-1536x363.jpg 1536w, https://santemc.quebec/santemc/icentre/wp-content/uploads/2021/03/MontageBandeau846x2002-2048x484.jpg 2048w, https://santemc.quebec/santemc/icentre/wp-content/uploads/2021/03/MontageBandeau846x2002-500x118.jpg 500w" sizes="(max-width: 2560px) 100vw, 2560px" /></p>
<p>En partenariat avec le Cégep de Saint-Jean-sur-Richelieu, le CISSS de la Montérégie-Centre est fier d’offrir, dès le mois d’août 2021, le programme Passerelle Formation Infirmière. Cette formation créée sur mesure pour le CISSSMC permet aux infirmières auxiliaires d’accéder au titre d’infirmière en obtenant un diplôme d’études collégiales (DEC) en soins infirmiers.</p>

<p>En partenariat avec le Cégep de Saint-Jean-sur-Richelieu, le CISSS de la Montérégie-Centre est fier d’offrir, dès le mois d’août 2021, le programme Passerelle Formation Infirmière. Cette formation créée sur mesure pour le CISSSMC permet aux infirmières auxiliaires d’accéder au titre &hellip; <a href="https://santemc.quebec/icentre/programme-passerelle-formation-infirmiere/">Continuer la lecture <span class="meta-nav">&rarr;</span></a></p>
