{"id":194404,"date":"2021-03-12T13:24:55","date_gmt":"2021-03-12T18:24:55","guid":{"rendered":"http:\/\/santemc.quebec\/icentre\/?page_id=194404"},"modified":"2021-03-31T16:22:48","modified_gmt":"2021-03-31T20:22:48","slug":"seances-dinformation","status":"publish","type":"page","link":"https:\/\/santemc.quebec\/icentre\/programme-passerelle-formation-infirmiere\/seances-dinformation\/","title":{"rendered":"S\u00e9ances d\u2019information"},"content":{"rendered":"<p>Le CISSS de la Mont\u00e9r\u00e9gie-Centre et le C\u00e9gep de Saint-Jean-sur-Richelieu ont tenu 3 s\u00e9ances d&rsquo;information les 29, 30 et 31 mars afin d&rsquo;informer les infirmi\u00e8res auxiliaires sur les modalit\u00e9s du programme Passerelle Formation Infirmi\u00e8re.\u00a0Notez que la participation \u00e0 ces s\u00e9ances \u00e9tait obligatoire avant de pouvoir d\u00e9poser sa candidature.<\/p>\n","protected":false},"excerpt":{"rendered":"<p>Le CISSS de la Mont\u00e9r\u00e9gie-Centre et le C\u00e9gep de Saint-Jean-sur-Richelieu ont tenu 3 s\u00e9ances d&rsquo;information les 29, 30 et 31 mars afin d&rsquo;informer les infirmi\u00e8res auxiliaires sur les modalit\u00e9s du programme Passerelle Formation Infirmi\u00e8re.\u00a0Notez que la participation \u00e0 ces s\u00e9ances &hellip; <a href=\"https:\/\/santemc.quebec\/icentre\/programme-passerelle-formation-infirmiere\/seances-dinformation\/\">Continuer la lecture <span class=\"meta-nav\">&rarr;<\/span><\/a><\/p>\n","protected":false},"author":1,"featured_media":0,"parent":194402,"menu_order":1,"comment_status":"closed","ping_status":"closed","template":"passerelle.php","meta":{"footnotes":""},"_links":{"self":[{"href":"https:\/\/santemc.quebec\/icentre\/wp-json\/wp\/v2\/pages\/194404"}],"collection":[{"href":"https:\/\/santemc.quebec\/icentre\/wp-json\/wp\/v2\/pages"}],"about":[{"href":"https:\/\/santemc.quebec\/icentre\/wp-json\/wp\/v2\/types\/page"}],"author":[{"embeddable":true,"href":"https:\/\/santemc.quebec\/icentre\/wp-json\/wp\/v2\/users\/1"}],"replies":[{"embeddable":true,"href":"https:\/\/santemc.quebec\/icentre\/wp-json\/wp\/v2\/comments?post=194404"}],"version-history":[{"count":5,"href":"https:\/\/santemc.quebec\/icentre\/wp-json\/wp\/v2\/pages\/194404\/revisions"}],"predecessor-version":[{"id":194759,"href":"https:\/\/santemc.quebec\/icentre\/wp-json\/wp\/v2\/pages\/194404\/revisions\/194759"}],"up":[{"embeddable":true,"href":"https:\/\/santemc.quebec\/icentre\/wp-json\/wp\/v2\/pages\/194402"}],"wp:attachment":[{"href":"https:\/\/santemc.quebec\/icentre\/wp-json\/wp\/v2\/media?parent=194404"}],"curies":[{"name":"wp","href":"https:\/\/api.w.org\/{rel}","templated":true}]}}

Séances d’information

<p>Le CISSS de la Montérégie-Centre et le Cégep de Saint-Jean-sur-Richelieu ont tenu 3 séances d&rsquo;information les 29, 30 et 31 mars afin d&rsquo;informer les infirmières auxiliaires sur les modalités du programme Passerelle Formation Infirmière. Notez que la participation à ces séances était obligatoire avant de pouvoir déposer sa candidature.</p>

<p>Le CISSS de la Montérégie-Centre et le Cégep de Saint-Jean-sur-Richelieu ont tenu 3 séances d&rsquo;information les 29, 30 et 31 mars afin d&rsquo;informer les infirmières auxiliaires sur les modalités du programme Passerelle Formation Infirmière. Notez que la participation à ces séances &hellip; <a href="https://santemc.quebec/icentre/programme-passerelle-formation-infirmiere/seances-dinformation/">Continuer la lecture <span class="meta-nav">&rarr;</span></a></p>
