{"id":194412,"date":"2021-03-12T13:35:06","date_gmt":"2021-03-12T18:35:06","guid":{"rendered":"http:\/\/santemc.quebec\/icentre\/?page_id=194412"},"modified":"2021-03-12T15:34:52","modified_gmt":"2021-03-12T20:34:52","slug":"nous-joindre","status":"publish","type":"page","link":"https:\/\/santemc.quebec\/icentre\/programme-passerelle-formation-infirmiere\/nous-joindre\/","title":{"rendered":"Nous joindre"},"content":{"rendered":"<p>Pour toute question concernant le programme Passerelle Formation Infirmi\u00e8re, nous vous invitons \u00e0 joindre les personnes suivantes :<\/p>\n<ul>\n<li>Genevi\u00e8ve Marquis, agente de la gestion du personnel (RH) : <a href=\"mailto:genevieve.marquis.cssshrr16@ssss.gouv.qc.ca\">genevieve.marquis.cssshrr16@ssss.gouv.qc.ca<\/a><\/li>\n<\/ul>\n<ul>\n<li>St\u00e9phanie Pham, chef de service \u00e0 la formation (DSI) : <a href=\"mailto:stephanie.pham.cisssmc16@ssss.gouv.qc.ca\">stephanie.pham.cisssmc16@ssss.gouv.qc.ca<\/a><\/li>\n<\/ul>\n<ul>\n<li>V\u00e9ronique Pag\u00e9, coordonnatrice des soins infirmiers du C\u00c9GEP Saint-Jean-sur-Richelieu : <a href=\"mailto:veronique.page@cstjean.qc.ca\">veronique.page@cstjean.qc.ca<\/a><\/li>\n<\/ul>\n","protected":false},"excerpt":{"rendered":"<p>Pour toute question concernant le programme Passerelle Formation Infirmi\u00e8re, nous vous invitons \u00e0 joindre les personnes suivantes : Genevi\u00e8ve Marquis, agente de la gestion du personnel (RH) : genevieve.marquis.cssshrr16@ssss.gouv.qc.ca St\u00e9phanie Pham, chef de service \u00e0 la formation (DSI) : stephanie.pham.cisssmc16@ssss.gouv.qc.ca &hellip; <a href=\"https:\/\/santemc.quebec\/icentre\/programme-passerelle-formation-infirmiere\/nous-joindre\/\">Continuer la lecture <span class=\"meta-nav\">&rarr;<\/span><\/a><\/p>\n","protected":false},"author":1,"featured_media":0,"parent":194402,"menu_order":4,"comment_status":"closed","ping_status":"closed","template":"passerelle.php","meta":{"footnotes":""},"_links":{"self":[{"href":"https:\/\/santemc.quebec\/icentre\/wp-json\/wp\/v2\/pages\/194412"}],"collection":[{"href":"https:\/\/santemc.quebec\/icentre\/wp-json\/wp\/v2\/pages"}],"about":[{"href":"https:\/\/santemc.quebec\/icentre\/wp-json\/wp\/v2\/types\/page"}],"author":[{"embeddable":true,"href":"https:\/\/santemc.quebec\/icentre\/wp-json\/wp\/v2\/users\/1"}],"replies":[{"embeddable":true,"href":"https:\/\/santemc.quebec\/icentre\/wp-json\/wp\/v2\/comments?post=194412"}],"version-history":[{"count":5,"href":"https:\/\/santemc.quebec\/icentre\/wp-json\/wp\/v2\/pages\/194412\/revisions"}],"predecessor-version":[{"id":194436,"href":"https:\/\/santemc.quebec\/icentre\/wp-json\/wp\/v2\/pages\/194412\/revisions\/194436"}],"up":[{"embeddable":true,"href":"https:\/\/santemc.quebec\/icentre\/wp-json\/wp\/v2\/pages\/194402"}],"wp:attachment":[{"href":"https:\/\/santemc.quebec\/icentre\/wp-json\/wp\/v2\/media?parent=194412"}],"curies":[{"name":"wp","href":"https:\/\/api.w.org\/{rel}","templated":true}]}}

<p>Pour toute question concernant le programme Passerelle Formation Infirmière, nous vous invitons à joindre les personnes suivantes :</p>
<ul>
<li>Geneviève Marquis, agente de la gestion du personnel (RH) : <a href="mailto:genevieve.marquis.cssshrr16@ssss.gouv.qc.ca">genevieve.marquis.cssshrr16@ssss.gouv.qc.ca</a></li>
</ul>
<ul>
<li>Stéphanie Pham, chef de service à la formation (DSI) : <a href="mailto:stephanie.pham.cisssmc16@ssss.gouv.qc.ca">stephanie.pham.cisssmc16@ssss.gouv.qc.ca</a></li>
</ul>
<ul>
<li>Véronique Pagé, coordonnatrice des soins infirmiers du CÉGEP Saint-Jean-sur-Richelieu : <a href="mailto:veronique.page@cstjean.qc.ca">veronique.page@cstjean.qc.ca</a></li>
</ul>

<p>Pour toute question concernant le programme Passerelle Formation Infirmière, nous vous invitons à joindre les personnes suivantes : Geneviève Marquis, agente de la gestion du personnel (RH) : genevieve.marquis.cssshrr16@ssss.gouv.qc.ca Stéphanie Pham, chef de service à la formation (DSI) : stephanie.pham.cisssmc16@ssss.gouv.qc.ca &hellip; <a href="https://santemc.quebec/icentre/programme-passerelle-formation-infirmiere/nous-joindre/">Continuer la lecture <span class="meta-nav">&rarr;</span></a></p>
