{"id":194414,"date":"2021-03-12T13:35:41","date_gmt":"2021-03-12T18:35:41","guid":{"rendered":"http:\/\/santemc.quebec\/icentre\/?page_id=194414"},"modified":"2024-02-22T11:48:35","modified_gmt":"2024-02-22T16:48:35","slug":"dossier-de-candidature","status":"publish","type":"page","link":"https:\/\/santemc.quebec\/icentre\/programme-passerelle-formation-infirmiere\/dossier-de-candidature\/","title":{"rendered":"Dossier de candidature"},"content":{"rendered":"<p>Les infirmi\u00e8res auxiliaires qui souhaitent suivre le programme <em>Passerelle Formation Infirmi\u00e8re <\/em>doivent obligatoirement soumettre un dossier de candidature qui comprend\u00a0:<\/p>\n<ul>\n<li><strong>une lettre de motivation<\/strong>: r\u00e9diger un texte de 250 mots qui r\u00e9pond \u00e0 la question suivante\u00a0: \u00ab\u00a0Pourquoi d\u00e9sirez-vous poursuivre vos \u00e9tudes et devenir infirmi\u00e8re?\u00a0\u00bb<\/li>\n<li><strong>une lettre d\u2019appui du gestionnaire<\/strong>: pour soutenir votre d\u00e9marche, vous devez demander \u00e0 votre sup\u00e9rieur imm\u00e9diat une lettre dans laquelle il ou elle explique les raisons pour lesquelles il ou elle appuie votre candidature.<\/li>\n<\/ul>\n<p>La p\u00e9riode d'inscription est maintenant termin\u00e9e. <\/p>\n","protected":false},"excerpt":{"rendered":"<p>Les infirmi\u00e8res auxiliaires qui souhaitent suivre le programme Passerelle Formation Infirmi\u00e8re doivent obligatoirement soumettre un dossier de candidature qui comprend\u00a0: une lettre de motivation: r\u00e9diger un texte de 250 mots qui r\u00e9pond \u00e0 la question suivante\u00a0: \u00ab\u00a0Pourquoi d\u00e9sirez-vous poursuivre vos &hellip; <a href=\"https:\/\/santemc.quebec\/icentre\/programme-passerelle-formation-infirmiere\/dossier-de-candidature\/\">Continuer la lecture <span class=\"meta-nav\">&rarr;<\/span><\/a><\/p>\n","protected":false},"author":1,"featured_media":0,"parent":194402,"menu_order":5,"comment_status":"closed","ping_status":"closed","template":"CISSSCentre.php","meta":{"footnotes":""},"_links":{"self":[{"href":"https:\/\/santemc.quebec\/icentre\/wp-json\/wp\/v2\/pages\/194414"}],"collection":[{"href":"https:\/\/santemc.quebec\/icentre\/wp-json\/wp\/v2\/pages"}],"about":[{"href":"https:\/\/santemc.quebec\/icentre\/wp-json\/wp\/v2\/types\/page"}],"author":[{"embeddable":true,"href":"https:\/\/santemc.quebec\/icentre\/wp-json\/wp\/v2\/users\/1"}],"replies":[{"embeddable":true,"href":"https:\/\/santemc.quebec\/icentre\/wp-json\/wp\/v2\/comments?post=194414"}],"version-history":[{"count":17,"href":"https:\/\/santemc.quebec\/icentre\/wp-json\/wp\/v2\/pages\/194414\/revisions"}],"predecessor-version":[{"id":208000,"href":"https:\/\/santemc.quebec\/icentre\/wp-json\/wp\/v2\/pages\/194414\/revisions\/208000"}],"up":[{"embeddable":true,"href":"https:\/\/santemc.quebec\/icentre\/wp-json\/wp\/v2\/pages\/194402"}],"wp:attachment":[{"href":"https:\/\/santemc.quebec\/icentre\/wp-json\/wp\/v2\/media?parent=194414"}],"curies":[{"name":"wp","href":"https:\/\/api.w.org\/{rel}","templated":true}]}}

<p>Les infirmières auxiliaires qui souhaitent suivre le programme <em>Passerelle Formation Infirmière </em>doivent obligatoirement soumettre un dossier de candidature qui comprend :</p>
<ul>
<li><strong>une lettre de motivation</strong>: rédiger un texte de 250 mots qui répond à la question suivante : « Pourquoi désirez-vous poursuivre vos études et devenir infirmière? »</li>
<li><strong>une lettre d’appui du gestionnaire</strong>: pour soutenir votre démarche, vous devez demander à votre supérieur immédiat une lettre dans laquelle il ou elle explique les raisons pour lesquelles il ou elle appuie votre candidature.</li>
</ul>
<p>La période d'inscription est maintenant terminée. </p>

<p>Les infirmières auxiliaires qui souhaitent suivre le programme Passerelle Formation Infirmière doivent obligatoirement soumettre un dossier de candidature qui comprend : une lettre de motivation: rédiger un texte de 250 mots qui répond à la question suivante : « Pourquoi désirez-vous poursuivre vos &hellip; <a href="https://santemc.quebec/icentre/programme-passerelle-formation-infirmiere/dossier-de-candidature/">Continuer la lecture <span class="meta-nav">&rarr;</span></a></p>
